{"id":2112,"date":"2024-02-22T13:32:55","date_gmt":"2024-02-22T12:32:55","guid":{"rendered":"https:\/\/msprimda.cz\/?page_id=2112"},"modified":"2025-01-15T12:44:24","modified_gmt":"2025-01-15T11:44:24","slug":"dokumenty","status":"publish","type":"page","link":"https:\/\/msprimda.cz\/index.php\/dokumenty\/","title":{"rendered":"Dokumenty"},"content":{"rendered":"\n<div class=\"wp-block-file\"><a id=\"wp-block-file--media-d966b907-a87c-4a04-a358-1e01d63078f2\" href=\"https:\/\/msprimda.cz\/wp-content\/uploads\/2024\/02\/Povinne-info.xlsx\"><br>Povinne-info<\/a><a href=\"https:\/\/msprimda.cz\/wp-content\/uploads\/2024\/02\/Povinne-info.xlsx\" class=\"wp-block-file__button wp-element-button\" download aria-describedby=\"wp-block-file--media-d966b907-a87c-4a04-a358-1e01d63078f2\">St\u00e1hnout<\/a><\/div>\n\n\n\n<p>ROZPO\u010cET M\u0160 NA ROK 2025<\/p>\n\n\n\n<div data-wp-interactive=\"core\/file\" class=\"wp-block-file\"><object data-wp-bind--hidden=\"!state.hasPdfPreview\" hidden class=\"wp-block-file__embed\" data=\"https:\/\/msprimda.cz\/wp-content\/uploads\/2025\/01\/MS-Rozpocet-na-r.-2025.pdf\" type=\"application\/pdf\" style=\"width:100%;height:600px\" aria-label=\"Vlo\u017eit z M\u0160 - Rozpo\u010det na r. 2025.\"><\/object><a id=\"wp-block-file--media-519d2c20-d818-4ebc-987d-4876e5b8d8cc\" href=\"https:\/\/msprimda.cz\/wp-content\/uploads\/2025\/01\/MS-Rozpocet-na-r.-2025.pdf\">M\u0160 &#8211; Rozpo\u010det na r. 2025<\/a><a href=\"https:\/\/msprimda.cz\/wp-content\/uploads\/2025\/01\/MS-Rozpocet-na-r.-2025.pdf\" class=\"wp-block-file__button wp-element-button\" download aria-describedby=\"wp-block-file--media-519d2c20-d818-4ebc-987d-4876e5b8d8cc\">St\u00e1hnout<\/a><\/div>\n\n\n\n<p>ST\u0158EDN\u011aDOB\u00cd V\u00ddHLED ROZPO\u010cTU P\u0158\u00cdSP\u011aVKOV\u00c9 ORGANIZACE NA ROK 2026\/2027<\/p>\n\n\n\n<div data-wp-interactive=\"core\/file\" class=\"wp-block-file\"><object data-wp-bind--hidden=\"!state.hasPdfPreview\" hidden class=\"wp-block-file__embed\" data=\"https:\/\/msprimda.cz\/wp-content\/uploads\/2025\/01\/MS-SVR-2026-2027.pdf\" type=\"application\/pdf\" style=\"width:100%;height:600px\" aria-label=\"Vlo\u017eit z M\u0160 - SVR 2026 - 2027.\"><\/object><a id=\"wp-block-file--media-32462707-cff9-49bd-a8b0-978671aedee6\" href=\"https:\/\/msprimda.cz\/wp-content\/uploads\/2025\/01\/MS-SVR-2026-2027.pdf\">M\u0160 &#8211; SVR 2026 &#8211; 2027<\/a><a href=\"https:\/\/msprimda.cz\/wp-content\/uploads\/2025\/01\/MS-SVR-2026-2027.pdf\" class=\"wp-block-file__button wp-element-button\" download aria-describedby=\"wp-block-file--media-32462707-cff9-49bd-a8b0-978671aedee6\">St\u00e1hnout<\/a><\/div>\n","protected":false},"excerpt":{"rendered":"<p>ROZPO\u010cET M\u0160 NA ROK 2025 ST\u0158EDN\u011aDOB\u00cd V\u00ddHLED ROZPO\u010cTU P\u0158\u00cdSP\u011aVKOV\u00c9 ORGANIZACE NA ROK 2026\/2027<\/p>\n","protected":false},"author":1,"featured_media":0,"parent":0,"menu_order":0,"comment_status":"closed","ping_status":"closed","template":"","meta":{"footnotes":""},"class_list":["post-2112","page","type-page","status-publish","hentry"],"_links":{"self":[{"href":"https:\/\/msprimda.cz\/index.php\/wp-json\/wp\/v2\/pages\/2112","targetHints":{"allow":["GET"]}}],"collection":[{"href":"https:\/\/msprimda.cz\/index.php\/wp-json\/wp\/v2\/pages"}],"about":[{"href":"https:\/\/msprimda.cz\/index.php\/wp-json\/wp\/v2\/types\/page"}],"author":[{"embeddable":true,"href":"https:\/\/msprimda.cz\/index.php\/wp-json\/wp\/v2\/users\/1"}],"replies":[{"embeddable":true,"href":"https:\/\/msprimda.cz\/index.php\/wp-json\/wp\/v2\/comments?post=2112"}],"version-history":[{"count":3,"href":"https:\/\/msprimda.cz\/index.php\/wp-json\/wp\/v2\/pages\/2112\/revisions"}],"predecessor-version":[{"id":2283,"href":"https:\/\/msprimda.cz\/index.php\/wp-json\/wp\/v2\/pages\/2112\/revisions\/2283"}],"wp:attachment":[{"href":"https:\/\/msprimda.cz\/index.php\/wp-json\/wp\/v2\/media?parent=2112"}],"curies":[{"name":"wp","href":"https:\/\/api.w.org\/{rel}","templated":true}]}}