{"id":30,"date":"2019-10-16T12:43:43","date_gmt":"2019-10-16T10:43:43","guid":{"rendered":"http:\/\/msprimda.cz\/?page_id=30"},"modified":"2019-10-16T13:25:21","modified_gmt":"2019-10-16T11:25:21","slug":"zimni-cesta","status":"publish","type":"page","link":"https:\/\/msprimda.cz\/index.php\/vzdelavaci-program\/zimni-cesta\/","title":{"rendered":"Zimn\u00ed cesta"},"content":{"rendered":"\n<h4 class=\"wp-block-heading\">Charakteristika:<\/h4>\n\n\n\n<p>Integrovan\u00fd\n blok je zam\u011b\u0159en na pozorov\u00e1n\u00ed \u00fa\u010dink\u016f po\u010das\u00ed na p\u0159\u00edrodu i zdrav\u00ed \n\u010dlov\u011bka, osvojov\u00e1n\u00ed si poznatk\u016f o sv\u011bt\u011b, vytv\u00e1\u0159en\u00ed z\u00e1klad\u016f pro pr\u00e1ci s \ninformacemi, rozv\u00edjen\u00ed fantazie a p\u0159edstavivosti, vytv\u00e1\u0159en\u00ed a \nprojevov\u00e1n\u00ed si vlastn\u00edho n\u00e1zoru, rozvoj z\u00e1jmu o u\u010den\u00ed. Nab\u00edz\u00ed \u010dinnosti \nvedouc\u00ed d\u011bti k vytvo\u0159en\u00ed a respektov\u00e1n\u00ed z\u00e1kladn\u00edch pravidel chov\u00e1n\u00ed a \njedn\u00e1n\u00ed<\/p>\n\n\n\n<ul class=\"wp-block-list\"><li>Z\u00edsk\u00e1v\u00e1n\u00ed element\u00e1rn\u00edch poznatk\u016f o sv\u011bt\u011b lid\u00ed, kultury, p\u0159\u00edrody, orientovat se v \u0159\u00e1du a d\u011bn\u00ed v prost\u0159ed\u00ed, ve kter\u00e9m \u017eiji.<\/li><li>V\u011bdom\u011b vyv\u00edjet \u00fasil\u00ed, soust\u0159ed\u011bnost a \u010dinnost, dokon\u010dit zadanou pr\u00e1ci.<\/li><li>\u0158e\u0161en\u00ed probl\u00e9m\u016f, na kter\u00e9 sta\u010d\u00ed &#8211; n\u00e1podoba, opakov\u00e1n\u00ed<\/li><li>Komunikovat bez z\u00e1bran a ostychu v b\u011b\u017en\u00fdch situac\u00edch, rozvoj slovn\u00ed z\u00e1soby.<\/li><li>Ve skupin\u011b se prosazovat i pod\u0159izovat, v b\u011b\u017en\u00fdch situac\u00edch uplat\u0148ovat z\u00e1kladn\u00ed spole\u010densk\u00e9 n\u00e1vyky a pravidla, respektov\u00e1n\u00ed druh\u00fdch.<\/li><li>Svobodn\u00e9 rozhodnut\u00ed, ale i odpov\u011bdnost za sv\u00e9 rozhodnut\u00ed.<\/li><\/ul>\n\n\n\n<h4 class=\"wp-block-heading\">O\u010dek\u00e1van\u00e9 v\u00fdstupy:<\/h4>\n\n\n\n<ul class=\"wp-block-list\"><li>Rozli\u0161ovat co prosp\u00edv\u00e1 zdrav\u00ed, uv\u011bdomit si kladn\u00fd vliv sportu na zdrav\u00ed.<\/li><li>Vyjad\u0159ovat se o tom, co je mi p\u0159\u00edjemn\u00e9, nep\u0159\u00edjemn\u00e9, vc\u00edt\u011bn\u00ed do druh\u00e9ho, dojmy, pro\u017eitky.<\/li><li>Br\u00e1nit se projev\u016fm n\u00e1sil\u00ed, chovat se obez\u0159etn\u011b p\u0159i setk\u00e1n\u00ed s nezn\u00e1m\u00fdmi osobami.<\/li><li>Um\u011bt u\u017e\u00edvat v\u0161echny smysly.<\/li><li>Zdokonalovat mluvn\u00ed projev, vyjad\u0159ov\u00e1n\u00ed, komunikativn\u00ed dovednosti.<\/li><li>Z\u00e1m\u011brn\u011b se soust\u0159edit na \u010dinnost a udr\u017eet pozornost.<\/li><li>Zvl\u00e1dnout z\u00e1kladn\u00ed pohybov\u00e9 dovednosti a prostorovou orientaci, b\u011b\u017en\u00e9 zp\u016fsoby pohybu v&nbsp; r\u016fzn\u00e9m prost\u0159ed\u00ed.<\/li><\/ul>\n\n\n\n<p>Projekt: Masopust<\/p>\n\n\n\n<div class=\"wp-block-button alignright\"><a class=\"wp-block-button__link\" href=\".\/vzdelavaci-program\">Zp\u011bt<\/a><\/div>\n","protected":false},"excerpt":{"rendered":"<p>Charakteristika: Integrovan\u00fd blok je zam\u011b\u0159en na pozorov\u00e1n\u00ed \u00fa\u010dink\u016f po\u010das\u00ed na p\u0159\u00edrodu i zdrav\u00ed \u010dlov\u011bka, osvojov\u00e1n\u00ed si poznatk\u016f o sv\u011bt\u011b, vytv\u00e1\u0159en\u00ed z\u00e1klad\u016f pro pr\u00e1ci s informacemi, rozv\u00edjen\u00ed fantazie a p\u0159edstavivosti, vytv\u00e1\u0159en\u00ed a projevov\u00e1n\u00ed si vlastn\u00edho n\u00e1zoru, rozvoj z\u00e1jmu o u\u010den\u00ed. Nab\u00edz\u00ed \u010dinnosti vedouc\u00ed d\u011bti k vytvo\u0159en\u00ed [&hellip;]<\/p>\n","protected":false},"author":1,"featured_media":0,"parent":13,"menu_order":0,"comment_status":"closed","ping_status":"closed","template":"","meta":{"footnotes":""},"class_list":["post-30","page","type-page","status-publish","hentry"],"_links":{"self":[{"href":"https:\/\/msprimda.cz\/index.php\/wp-json\/wp\/v2\/pages\/30","targetHints":{"allow":["GET"]}}],"collection":[{"href":"https:\/\/msprimda.cz\/index.php\/wp-json\/wp\/v2\/pages"}],"about":[{"href":"https:\/\/msprimda.cz\/index.php\/wp-json\/wp\/v2\/types\/page"}],"author":[{"embeddable":true,"href":"https:\/\/msprimda.cz\/index.php\/wp-json\/wp\/v2\/users\/1"}],"replies":[{"embeddable":true,"href":"https:\/\/msprimda.cz\/index.php\/wp-json\/wp\/v2\/comments?post=30"}],"version-history":[{"count":3,"href":"https:\/\/msprimda.cz\/index.php\/wp-json\/wp\/v2\/pages\/30\/revisions"}],"predecessor-version":[{"id":38,"href":"https:\/\/msprimda.cz\/index.php\/wp-json\/wp\/v2\/pages\/30\/revisions\/38"}],"up":[{"embeddable":true,"href":"https:\/\/msprimda.cz\/index.php\/wp-json\/wp\/v2\/pages\/13"}],"wp:attachment":[{"href":"https:\/\/msprimda.cz\/index.php\/wp-json\/wp\/v2\/media?parent=30"}],"curies":[{"name":"wp","href":"https:\/\/api.w.org\/{rel}","templated":true}]}}